{"id":776,"date":"2026-03-29T15:54:44","date_gmt":"2026-03-29T15:54:44","guid":{"rendered":"https:\/\/promo.ppm.mg\/?page_id=776"},"modified":"2026-03-31T19:56:57","modified_gmt":"2026-03-31T19:56:57","slug":"vanille-en-poudre","status":"publish","type":"page","link":"https:\/\/promo.ppm.mg\/index.php\/vanille-en-poudre\/","title":{"rendered":"Vanille en poudre"},"content":{"rendered":"\t\t<div data-elementor-type=\"wp-page\" data-elementor-id=\"776\" class=\"elementor elementor-776\">\n\t\t\t\t<div class=\"elementor-element elementor-element-86efcc5 e-con-full e-flex wpr-particle-no wpr-jarallax-no wpr-parallax-no wpr-sticky-section-no e-con e-parent\" data-id=\"86efcc5\" data-element_type=\"container\" data-e-type=\"container\" data-settings=\"{&quot;background_background&quot;:&quot;classic&quot;}\">\n\t\t\t\t<div class=\"elementor-element elementor-element-b62b939 elementor-widget elementor-widget-heading\" data-id=\"b62b939\" data-element_type=\"widget\" data-e-type=\"widget\" data-widget_type=\"heading.default\">\n\t\t\t\t\t<h2 class=\"elementor-heading-title elementor-size-default\">Vanille en poudre<\/h2>\t\t\t\t<\/div>\n\t\t\t\t<div class=\"elementor-element elementor-element-ae2b3c7 elementor-widget-divider--separator-type-pattern elementor-widget-divider--view-line elementor-widget elementor-widget-divider\" data-id=\"ae2b3c7\" data-element_type=\"widget\" data-e-type=\"widget\" data-widget_type=\"divider.default\">\n\t\t\t\t\t\t\t<div class=\"elementor-divider\" style=\"--divider-pattern-url: url(&quot;data:image\/svg+xml,%3Csvg xmlns=&#039;http:\/\/www.w3.org\/2000\/svg&#039; preserveAspectRatio=&#039;none&#039; overflow=&#039;visible&#039; height=&#039;100%&#039; viewBox=&#039;0 0 20 16&#039; fill=&#039;none&#039; stroke=&#039;black&#039; stroke-width=&#039;1&#039; stroke-linecap=&#039;square&#039; stroke-miterlimit=&#039;10&#039;%3E%3Cg transform=&#039;translate(-12.000000, 0)&#039;%3E%3Cpath d=&#039;M28,0L10,18&#039;\/%3E%3Cpath d=&#039;M18,0L0,18&#039;\/%3E%3Cpath d=&#039;M48,0L30,18&#039;\/%3E%3Cpath d=&#039;M38,0L20,18&#039;\/%3E%3C\/g%3E%3C\/svg%3E&quot;);\">\n\t\t\t<span class=\"elementor-divider-separator\">\n\t\t\t\t\t\t<\/span>\n\t\t<\/div>\n\t\t\t\t\t\t<\/div>\n\t\t\t\t<div class=\"elementor-element elementor-element-570640c elementor-widget__width-initial elementor-widget elementor-widget-text-editor\" data-id=\"570640c\" data-element_type=\"widget\" data-e-type=\"widget\" data-widget_type=\"text-editor.default\">\n\t\t\t\t\t\t\t\t\t<p><span style=\"font-weight: 400;\">La poudre de vanille Bourbon Floribis est obtenue \u00e0 partir de gousses s\u00e9lectionn\u00e9es et transform\u00e9es selon des proc\u00e9d\u00e9s ma\u00eetris\u00e9s, afin de garantir une granulom\u00e9trie r\u00e9guli\u00e8re, une stabilit\u00e9 produit et une intensit\u00e9 aromatique constante.<\/span><span style=\"font-weight: 400;\"><br \/><\/span><span style=\"font-weight: 400;\">Disponible en qualit\u00e9 standard, haute qualit\u00e9 et tea bag cut, elle est con\u00e7ue pour une int\u00e9gration directe dans les formulations industrielles.<\/span><\/p>\t\t\t\t\t\t\t\t<\/div>\n\t\t\t\t<\/div>\n\t\t<div class=\"elementor-element elementor-element-58dbc46 e-flex e-con-boxed wpr-particle-no wpr-jarallax-no wpr-parallax-no wpr-sticky-section-no e-con e-parent\" data-id=\"58dbc46\" data-element_type=\"container\" data-e-type=\"container\">\n\t\t\t\t\t<div class=\"e-con-inner\">\n\t\t\t\t<div class=\"elementor-element elementor-element-999e795 elementor-widget elementor-widget-rainbow_slider_widget\" data-id=\"999e795\" data-element_type=\"widget\" data-e-type=\"widget\" data-widget_type=\"rainbow_slider_widget.default\">\n\t\t\t\t<div class=\"elementor-widget-container\">\n\t\t\t\t\t\t<div class=\"swiper rainbow-slider rainbow-nav-view-default rainbow-nav-shape- rainbow-pag-view-default rainbow-pag-shape-\" data-pag-html=\"&lt;svg aria-hidden=&quot;true&quot; class=&quot;e-font-icon-svg e-fas-circle&quot; viewBox=&quot;0 0 512 512&quot; xmlns=&quot;http:\/\/www.w3.org\/2000\/svg&quot;&gt;&lt;path d=&quot;M256 8C119 8 8 119 8 256s111 248 248 248 248-111 248-248S393 8 256 8z&quot;&gt;&lt;\/path&gt;&lt;\/svg&gt;\" data-loop=\"yes\" data-hover-pause=\"yes\" data-delay=\"100000\" data-first-anim=\"1000\" data-next-anim=\"300\" data-first-anim-type=\"none\" data-effect=\"creative\" data-creative-in=\"move-right\" data-creative-out=\"move-left\" data-pag-type=\"icon\" data-pag-html=\"&lt;svg aria-hidden=&quot;true&quot; class=&quot;e-font-icon-svg e-fas-circle&quot; viewBox=&quot;0 0 512 512&quot; xmlns=&quot;http:\/\/www.w3.org\/2000\/svg&quot;&gt;&lt;path d=&quot;M256 8C119 8 8 119 8 256s111 248 248 248 248-111 248-248S393 8 256 8z&quot;&gt;&lt;\/path&gt;&lt;\/svg&gt;\">\r\n\t\t\t\t<div data-elementor-type=\"wp-post\" data-elementor-id=\"781\" class=\"elementor elementor-781\">\n\t\t\t\t<div class=\"elementor-element elementor-element-4fd0c4e e-flex e-con-boxed wpr-particle-no wpr-jarallax-no wpr-parallax-no wpr-sticky-section-no e-con e-parent\" data-id=\"4fd0c4e\" data-element_type=\"container\" data-e-type=\"container\">\n\t\t\t\t\t<div class=\"e-con-inner\">\n\t\t<div class=\"elementor-element elementor-element-bb6f115 e-con-full e-flex wpr-particle-no wpr-jarallax-no wpr-parallax-no wpr-sticky-section-no e-con e-child\" data-id=\"bb6f115\" data-element_type=\"container\" data-e-type=\"container\">\n\t\t\t\t<div class=\"elementor-element elementor-element-ef7f32e elementor-widget elementor-widget-heading\" data-id=\"ef7f32e\" data-element_type=\"widget\" data-e-type=\"widget\" data-widget_type=\"heading.default\">\n\t\t\t\t\t<h3 class=\"elementor-heading-title elementor-size-default\">Vanille en poudre \u2013 Qualit\u00e9 standard<\/h3>\t\t\t\t<\/div>\n\t\t\t\t<div class=\"elementor-element elementor-element-b837b63 elementor-widget elementor-widget-text-editor\" data-id=\"b837b63\" data-element_type=\"widget\" data-e-type=\"widget\" data-widget_type=\"text-editor.default\">\n\t\t\t\t\t\t\t\t\t<p><span style=\"font-weight: 400;\">La vanille en poudre \u2013 qualit\u00e9 standard Floribis est destin\u00e9e aux applications industrielles n\u00e9cessitant une aromatisation naturelle fiable, avec une intensit\u00e9 ma\u00eetris\u00e9e et une excellente r\u00e9gularit\u00e9.<\/span><span style=\"font-weight: 400;\"><br \/><\/span><span style=\"font-weight: 400;\">Elle est obtenue \u00e0 partir de gousses de vanille Bourbon s\u00e9lectionn\u00e9es pour leur valeur aromatique, puis transform\u00e9es selon un process garantissant une granulom\u00e9trie homog\u00e8ne et une stabilit\u00e9 adapt\u00e9e aux cha\u00eenes de production.<\/span><span style=\"font-weight: 400;\"><br \/><\/span><span style=\"font-weight: 400;\">Cette qualit\u00e9 constitue une solution performante pour les industriels recherchant un bon \u00e9quilibre entre rendement aromatique, constance et optimisation des co\u00fbts.<\/span><\/p><ul><li style=\"font-weight: 400;\" aria-level=\"1\"><span style=\"font-weight: 400;\">Vanilline 1,2-1,8 (*)<\/span><\/li><li style=\"font-weight: 400;\" aria-level=\"1\"><span style=\"font-weight: 400;\">Humidit\u00e9 8-15%<\/span><\/li><li style=\"font-weight: 400;\" aria-level=\"1\"><span style=\"font-weight: 400;\">Poudre brune &lt; 500 \u00b5m<\/span><\/li><li style=\"font-weight: 400;\" aria-level=\"1\"><span style=\"font-weight: 400;\">Pratique \u00e0 utiliser en saupoudrage direct sur les plats ou p\u00e2tisseries, ou en infusion dans un solvant (lait, cr\u00e8me ou alcool).<\/span><\/li><li style=\"font-weight: 400;\" aria-level=\"1\"><span style=\"font-weight: 400;\">Ar\u00f4me sucr\u00e9 et bois\u00e9, notes florales et chocolat\u00e9es.<\/span><\/li><li style=\"font-weight: 400;\" aria-level=\"1\"><span style=\"font-weight: 400;\">Usages principaux : m\u00e9langes secs, p\u00e2tisserie industrielle, boissons, applications aromatiques, produits alimentaires aromatis\u00e9s, formulations \u00e0 grande \u00e9chelle.<\/span><\/li><li style=\"font-weight: 400;\" aria-level=\"1\"><span style=\"font-weight: 400;\">Conditionnement : poches alimentaires de 1 kg dans des cartons LB de 25 kg<\/span><\/li><\/ul>\t\t\t\t\t\t\t\t<\/div>\n\t\t\t\t<\/div>\n\t\t<div class=\"elementor-element elementor-element-dece114 e-con-full e-flex wpr-particle-no wpr-jarallax-no wpr-parallax-no wpr-sticky-section-no e-con e-child\" data-id=\"dece114\" data-element_type=\"container\" data-e-type=\"container\" data-settings=\"{&quot;background_background&quot;:&quot;classic&quot;}\">\n\t\t\t\t<\/div>\n\t\t\t\t\t<\/div>\n\t\t\t\t<\/div>\n\t\t<div class=\"elementor-element elementor-element-0c56002 e-flex e-con-boxed wpr-particle-no wpr-jarallax-no wpr-parallax-no wpr-sticky-section-no e-con e-parent\" data-id=\"0c56002\" data-element_type=\"container\" data-e-type=\"container\">\n\t\t\t\t\t<div class=\"e-con-inner\">\n\t\t<div class=\"elementor-element elementor-element-12f21e9 e-con-full e-flex wpr-particle-no wpr-jarallax-no wpr-parallax-no wpr-sticky-section-no e-con e-child\" data-id=\"12f21e9\" data-element_type=\"container\" data-e-type=\"container\" data-settings=\"{&quot;background_background&quot;:&quot;classic&quot;}\">\n\t\t\t\t<\/div>\n\t\t<div class=\"elementor-element elementor-element-b11ddc4 e-con-full e-flex wpr-particle-no wpr-jarallax-no wpr-parallax-no wpr-sticky-section-no e-con e-child\" data-id=\"b11ddc4\" data-element_type=\"container\" data-e-type=\"container\">\n\t\t\t\t<div class=\"elementor-element elementor-element-3fe6992 elementor-widget elementor-widget-heading\" data-id=\"3fe6992\" data-element_type=\"widget\" data-e-type=\"widget\" data-widget_type=\"heading.default\">\n\t\t\t\t\t<h3 class=\"elementor-heading-title elementor-size-default\">Vanille en poudre \u2013 Haute Qualit\u00e9<\/h3>\t\t\t\t<\/div>\n\t\t\t\t<div class=\"elementor-element elementor-element-4af750f elementor-widget elementor-widget-text-editor\" data-id=\"4af750f\" data-element_type=\"widget\" data-e-type=\"widget\" data-widget_type=\"text-editor.default\">\n\t\t\t\t\t\t\t\t\t<p><span style=\"font-weight: 400;\">La vanille en poudre \u2013 haute qualit\u00e9 est \u00e9labor\u00e9e \u00e0 partir de gousses de vanille Bourbon pr\u00e9sentant un potentiel aromatique \u00e9lev\u00e9, s\u00e9lectionn\u00e9es pour garantir une intensit\u00e9 et une richesse olfactive sup\u00e9rieures.<\/span><span style=\"font-weight: 400;\"><br \/><\/span><span style=\"font-weight: 400;\">Le proc\u00e9d\u00e9 de transformation est ma\u00eetris\u00e9 afin de pr\u00e9server les compos\u00e9s aromatiques naturels, tout en assurant une granulom\u00e9trie r\u00e9guli\u00e8re et une reproductibilit\u00e9 des lots, indispensables aux formulations exigeantes.<\/span><span style=\"font-weight: 400;\"><br \/><\/span><span style=\"font-weight: 400;\">Cette qualit\u00e9 est particuli\u00e8rement adapt\u00e9e aux applications o\u00f9 la signature aromatique de la vanille doit \u00eatre clairement perceptible, sans compromis sur la stabilit\u00e9 industrielle.<\/span><\/p><ul><li style=\"font-weight: 400;\" aria-level=\"1\"><span style=\"font-weight: 400;\">Vanilline &gt; 1,8 (*)<\/span><\/li><li style=\"font-weight: 400;\" aria-level=\"1\"><span style=\"font-weight: 400;\">Humidit\u00e9 &lt; 8%<\/span><\/li><li style=\"font-weight: 400;\" aria-level=\"1\"><span style=\"font-weight: 400;\">Poudre fine &lt; 200 \u00b5m<\/span><\/li><li style=\"font-weight: 400;\" aria-level=\"1\"><span style=\"font-weight: 400;\">Pratique \u00e0 utiliser en saupoudrage direct sur les plats ou p\u00e2tisseries, ou en infusion dans un solvant (lait, cr\u00e8me ou alcool).<\/span><\/li><li style=\"font-weight: 400;\" aria-level=\"1\"><span style=\"font-weight: 400;\">Ar\u00f4me sucr\u00e9 et bois\u00e9, notes florales et chocolat\u00e9es.<\/span><\/li><li style=\"font-weight: 400;\" aria-level=\"1\"><span style=\"font-weight: 400;\">Usages principaux : produits premium, glaces et desserts, chocolaterie et confiserie, formulations \u00e0 forte valeur sensorielle<\/span><\/li><li style=\"font-weight: 400;\" aria-level=\"1\"><span style=\"font-weight: 400;\">Conditionnement : poches alimentaires de 1 kg dans des cartons LB de 25 kg<\/span><\/li><\/ul>\t\t\t\t\t\t\t\t<\/div>\n\t\t\t\t<\/div>\n\t\t\t\t\t<\/div>\n\t\t\t\t<\/div>\n\t\t<div class=\"elementor-element elementor-element-10a5020 e-flex e-con-boxed wpr-particle-no wpr-jarallax-no wpr-parallax-no wpr-sticky-section-no e-con e-parent\" data-id=\"10a5020\" data-element_type=\"container\" data-e-type=\"container\">\n\t\t\t\t\t<div class=\"e-con-inner\">\n\t\t<div class=\"elementor-element elementor-element-03710c4 e-con-full e-flex wpr-particle-no wpr-jarallax-no wpr-parallax-no wpr-sticky-section-no e-con e-child\" data-id=\"03710c4\" data-element_type=\"container\" data-e-type=\"container\">\n\t\t\t\t<div class=\"elementor-element elementor-element-918fa5b elementor-widget elementor-widget-heading\" data-id=\"918fa5b\" data-element_type=\"widget\" data-e-type=\"widget\" data-widget_type=\"heading.default\">\n\t\t\t\t\t<h3 class=\"elementor-heading-title elementor-size-default\">Vanille en poudre \u2013 Tea Bag Cut<\/h3>\t\t\t\t<\/div>\n\t\t\t\t<div class=\"elementor-element elementor-element-994b0a3 elementor-widget elementor-widget-text-editor\" data-id=\"994b0a3\" data-element_type=\"widget\" data-e-type=\"widget\" data-widget_type=\"text-editor.default\">\n\t\t\t\t\t\t\t\t\t<p><span style=\"font-weight: 400;\">La vanille en poudre \u2013 Tea Bag Cut correspond \u00e0 une coupe sp\u00e9cifique, plus grossi\u00e8re, con\u00e7ue pour des usages n\u00e9cessitant une diffusion progressive et contr\u00f4l\u00e9e des ar\u00f4mes.<\/span><span style=\"font-weight: 400;\"><br \/><\/span><span style=\"font-weight: 400;\">Ce format est particuli\u00e8rement adapt\u00e9 aux applications par infusion, mac\u00e9ration ou extraction, o\u00f9 la taille des particules joue un r\u00f4le cl\u00e9 dans le temps et l\u2019intensit\u00e9 de lib\u00e9ration aromatique.<\/span><span style=\"font-weight: 400;\"><br \/><\/span><span style=\"font-weight: 400;\">Il permet \u00e9galement une manipulation facilit\u00e9e dans les process industriels utilisant des sachets, filtres ou syst\u00e8mes d\u2019extraction.<\/span><\/p><ul><li style=\"font-weight: 400;\" aria-level=\"1\"><span style=\"font-weight: 400;\">Vanilline 1,2-1,6 (*)<\/span><\/li><li style=\"font-weight: 400;\" aria-level=\"1\"><span style=\"font-weight: 400;\">Humidit\u00e9 &lt; 8%<\/span><\/li><li style=\"font-weight: 400;\" aria-level=\"1\"><span style=\"font-weight: 400;\">500 \u00b5m &lt; 2 mm<\/span><\/li><li style=\"font-weight: 400;\" aria-level=\"1\"><span style=\"font-weight: 400;\">Granulom\u00e9trie sp\u00e9cifique pour infusion dans les th\u00e9s aromatis\u00e9s. Ne flotte pas.<\/span><\/li><li style=\"font-weight: 400;\" aria-level=\"1\"><span style=\"font-weight: 400;\">Ar\u00f4me sucr\u00e9 et bois\u00e9, notes florales et chocolat\u00e9es.<\/span><\/li><li style=\"font-weight: 400;\" aria-level=\"1\"><span style=\"font-weight: 400;\">Usages principaux : infusions et boissons aromatis\u00e9es, extraction naturelle, proc\u00e9d\u00e9s n\u00e9cessitant une lib\u00e9ration lente et ma\u00eetris\u00e9e, applications industrielles sp\u00e9cifiques,\u00a0 mix secs, p\u00e2tisserie industrielle, boissons, aromatisation<\/span><\/li><li style=\"font-weight: 400;\" aria-level=\"1\"><span style=\"font-weight: 400;\">Conditionnement : poches alimentaires de 1 kg dans des cartons LB de 25 kg<\/span><\/li><\/ul>\t\t\t\t\t\t\t\t<\/div>\n\t\t\t\t<\/div>\n\t\t<div class=\"elementor-element elementor-element-1879a5f e-con-full e-flex wpr-particle-no wpr-jarallax-no wpr-parallax-no wpr-sticky-section-no e-con e-child\" data-id=\"1879a5f\" data-element_type=\"container\" data-e-type=\"container\" data-settings=\"{&quot;background_background&quot;:&quot;classic&quot;}\">\n\t\t\t\t<\/div>\n\t\t\t\t\t<\/div>\n\t\t\t\t<\/div>\n\t\t<div class=\"elementor-element elementor-element-a34431c e-flex e-con-boxed wpr-particle-no wpr-jarallax-no wpr-parallax-no wpr-sticky-section-no e-con e-parent\" data-id=\"a34431c\" data-element_type=\"container\" data-e-type=\"container\">\n\t\t\t\t\t<div class=\"e-con-inner\">\n\t\t<div class=\"elementor-element elementor-element-8efb68d e-con-full e-flex wpr-particle-no wpr-jarallax-no wpr-parallax-no wpr-sticky-section-no e-con e-child\" data-id=\"8efb68d\" data-element_type=\"container\" data-e-type=\"container\" data-settings=\"{&quot;background_background&quot;:&quot;classic&quot;}\">\n\t\t\t\t<\/div>\n\t\t<div class=\"elementor-element elementor-element-56e18c0 e-con-full e-flex wpr-particle-no wpr-jarallax-no wpr-parallax-no wpr-sticky-section-no e-con e-child\" data-id=\"56e18c0\" data-element_type=\"container\" data-e-type=\"container\">\n\t\t\t\t<div class=\"elementor-element elementor-element-861373f elementor-widget elementor-widget-heading\" data-id=\"861373f\" data-element_type=\"widget\" data-e-type=\"widget\" data-widget_type=\"heading.default\">\n\t\t\t\t\t<h3 class=\"elementor-heading-title elementor-size-default\">Vanille en poudre \u2013 Essential<\/h3>\t\t\t\t<\/div>\n\t\t\t\t<div class=\"elementor-element elementor-element-beb7373 elementor-widget elementor-widget-text-editor\" data-id=\"beb7373\" data-element_type=\"widget\" data-e-type=\"widget\" data-widget_type=\"text-editor.default\">\n\t\t\t\t\t\t\t\t\t<p><span style=\"font-weight: 400;\">La vanille en poudre \u2013 Essential est obtenue \u00e0 partir de broyage contr\u00f4l\u00e9 de gousses s\u00e9ch\u00e9es. Elle est un ingr\u00e9dient d\u2019incorporation directe apportant naturalit\u00e9 visible, texture, authenticit\u00e9, complexit\u00e9 aromatique globale. Sa granulom\u00e9trie est adapt\u00e9e aux m\u00e9langes secs toppings, pr\u00e9parations p\u00e2tissi\u00e8res pour des applications par infusion dans le lait, la cr\u00e8me ou les bases alcooliques. Cette poudre apporte une signature compl\u00e8te de la gousse, des facettes bois\u00e9es, des notes gourmandes, une rondeur naturelle.<\/span><\/p><ul><li style=\"font-weight: 400;\" aria-level=\"1\"><span style=\"font-weight: 400;\">Vanilline &lt; 1,2 (*)<\/span><\/li><li style=\"font-weight: 400;\" aria-level=\"1\"><span style=\"font-weight: 400;\">Humidit\u00e9 &lt; 12%<\/span><\/li><li style=\"font-weight: 400;\" aria-level=\"1\"><span style=\"font-weight: 400;\">Poudre brun rouge\u00e2tre &lt;500 \u00b5m<\/span><\/li><li style=\"font-weight: 400;\" aria-level=\"1\"><span style=\"font-weight: 400;\">Pratique \u00e0 utiliser par saupoudrage direct sur les plats ou p\u00e2tisseries, ou en infusion dans un solvant (lait, cr\u00e8me ou alcool).<\/span><\/li><li style=\"font-weight: 400;\" aria-level=\"1\"><span style=\"font-weight: 400;\">Ar\u00f4me doux et bois\u00e9, notes florales et chocolat\u00e9es<\/span><\/li><li style=\"font-weight: 400;\" aria-level=\"1\"><span style=\"font-weight: 400;\">Usages principaux : Agroalimentaire (p\u00e2tisserie artisanale et industrielle),chocolaterie, desserts, glaces, produits laitiers, m\u00e9langes secs), Restauration &amp; Food service (saupoudrage direct, finitions visuelles, infusion rapide)<\/span><\/li><li style=\"font-weight: 400;\" aria-level=\"1\"><span style=\"font-weight: 400;\">Conditionnement : poches alimentaires de 1 kg dans des cartons LB de 25 kg<\/span><\/li><\/ul>\t\t\t\t\t\t\t\t<\/div>\n\t\t\t\t<\/div>\n\t\t\t\t\t<\/div>\n\t\t\t\t<\/div>\n\t\t\t\t<\/div>\n\t\t\t\t<div class=\"swiper-button-prev\"><svg aria-hidden=\"true\" class=\"e-font-icon-svg e-fas-chevron-left\" viewBox=\"0 0 320 512\" xmlns=\"http:\/\/www.w3.org\/2000\/svg\"><path d=\"M34.52 239.03L228.87 44.69c9.37-9.37 24.57-9.37 33.94 0l22.67 22.67c9.36 9.36 9.37 24.52.04 33.9L131.49 256l154.02 154.75c9.34 9.38 9.32 24.54-.04 33.9l-22.67 22.67c-9.37 9.37-24.57 9.37-33.94 0L34.52 272.97c-9.37-9.37-9.37-24.57 0-33.94z\"><\/path><\/svg><\/div>\r\n\t\t<div class=\"swiper-button-next\"><svg aria-hidden=\"true\" class=\"e-font-icon-svg e-fas-chevron-right\" viewBox=\"0 0 320 512\" xmlns=\"http:\/\/www.w3.org\/2000\/svg\"><path d=\"M285.476 272.971L91.132 467.314c-9.373 9.373-24.569 9.373-33.941 0l-22.667-22.667c-9.357-9.357-9.375-24.522-.04-33.901L188.505 256 34.484 101.255c-9.335-9.379-9.317-24.544.04-33.901l22.667-22.667c9.373-9.373 24.569-9.373 33.941 0L285.475 239.03c9.373 9.372 9.373 24.568.001 33.941z\"><\/path><\/svg><\/div>\r\n\t\t<div class=\"swiper-pagination\"><\/div>\r\n\t<\/div>\r\n\t\t\t\t\t<\/div>\n\t\t\t\t<\/div>\n\t\t\t\t\t<\/div>\n\t\t\t\t<\/div>\n\t\t\t\t<\/div>\n\t\t","protected":false},"excerpt":{"rendered":"<p>Vanille en poudre La poudre de vanille Bourbon Floribis est obtenue \u00e0 partir de gousses s\u00e9lectionn\u00e9es et transform\u00e9es selon des proc\u00e9d\u00e9s ma\u00eetris\u00e9s, afin de garantir une granulom\u00e9trie r\u00e9guli\u00e8re, une stabilit\u00e9 produit et une intensit\u00e9 aromatique constante.Disponible en qualit\u00e9 standard, haute qualit\u00e9 et tea bag cut, elle est con\u00e7ue pour une int\u00e9gration directe dans les formulations industrielles. Vanille en poudre \u2013 Qualit\u00e9 standard La vanille en poudre \u2013 qualit\u00e9 standard Floribis est destin\u00e9e aux applications industrielles n\u00e9cessitant une aromatisation naturelle fiable, avec une intensit\u00e9 ma\u00eetris\u00e9e et une excellente r\u00e9gularit\u00e9.Elle est obtenue \u00e0 partir de gousses de vanille Bourbon s\u00e9lectionn\u00e9es pour leur valeur aromatique, puis transform\u00e9es selon un process garantissant une granulom\u00e9trie homog\u00e8ne et une stabilit\u00e9 adapt\u00e9e aux cha\u00eenes de production.Cette qualit\u00e9 constitue une solution performante pour les industriels recherchant un bon \u00e9quilibre entre rendement aromatique, constance et optimisation des co\u00fbts. Vanilline 1,2-1,8 (*) Humidit\u00e9 8-15% Poudre brune &lt; 500 \u00b5m Pratique \u00e0 utiliser en saupoudrage direct sur les plats ou p\u00e2tisseries, ou en infusion dans un solvant (lait, cr\u00e8me ou alcool). Ar\u00f4me sucr\u00e9 et bois\u00e9, notes florales et chocolat\u00e9es. Usages principaux : m\u00e9langes secs, p\u00e2tisserie industrielle, boissons, applications aromatiques, produits alimentaires aromatis\u00e9s, formulations \u00e0 grande \u00e9chelle. Conditionnement : poches alimentaires de 1 kg dans des cartons LB de 25 kg Vanille en poudre \u2013 Haute Qualit\u00e9 La vanille en poudre \u2013 haute qualit\u00e9 est \u00e9labor\u00e9e \u00e0 partir de gousses de vanille Bourbon pr\u00e9sentant un potentiel aromatique \u00e9lev\u00e9, s\u00e9lectionn\u00e9es pour garantir une intensit\u00e9 et une richesse olfactive sup\u00e9rieures.Le proc\u00e9d\u00e9 de transformation est ma\u00eetris\u00e9 afin de pr\u00e9server les compos\u00e9s aromatiques naturels, tout en assurant une granulom\u00e9trie r\u00e9guli\u00e8re et une reproductibilit\u00e9 des lots, indispensables aux formulations exigeantes.Cette qualit\u00e9 est particuli\u00e8rement adapt\u00e9e aux applications o\u00f9 la signature aromatique de la vanille doit \u00eatre clairement perceptible, sans compromis sur la stabilit\u00e9 industrielle. Vanilline &gt; 1,8 (*) Humidit\u00e9 &lt; 8% Poudre fine &lt; 200 \u00b5m Pratique \u00e0 utiliser en saupoudrage direct sur les plats ou p\u00e2tisseries, ou en infusion dans un solvant (lait, cr\u00e8me ou alcool). Ar\u00f4me sucr\u00e9 et bois\u00e9, notes florales et chocolat\u00e9es. Usages principaux : produits premium, glaces et desserts, chocolaterie et confiserie, formulations \u00e0 forte valeur sensorielle Conditionnement : poches alimentaires de 1 kg dans des cartons LB de 25 kg Vanille en poudre \u2013 Tea Bag Cut La vanille en poudre \u2013 Tea Bag Cut correspond \u00e0 une coupe sp\u00e9cifique, plus grossi\u00e8re, con\u00e7ue pour des usages n\u00e9cessitant une diffusion progressive et contr\u00f4l\u00e9e des ar\u00f4mes.Ce format est particuli\u00e8rement adapt\u00e9 aux applications par infusion, mac\u00e9ration ou extraction, o\u00f9 la taille des particules joue un r\u00f4le cl\u00e9 dans le temps et l\u2019intensit\u00e9 de lib\u00e9ration aromatique.Il permet \u00e9galement une manipulation facilit\u00e9e dans les process industriels utilisant des sachets, filtres ou syst\u00e8mes d\u2019extraction. Vanilline 1,2-1,6 (*) Humidit\u00e9 &lt; 8% 500 \u00b5m &lt; 2 mm Granulom\u00e9trie sp\u00e9cifique pour infusion dans les th\u00e9s aromatis\u00e9s. Ne flotte pas. Ar\u00f4me sucr\u00e9 et bois\u00e9, notes florales et chocolat\u00e9es. Usages principaux : infusions et boissons aromatis\u00e9es, extraction naturelle, proc\u00e9d\u00e9s n\u00e9cessitant une lib\u00e9ration lente et ma\u00eetris\u00e9e, applications industrielles sp\u00e9cifiques,\u00a0 mix secs, p\u00e2tisserie industrielle, boissons, aromatisation Conditionnement : poches alimentaires de 1 kg dans des cartons LB de 25 kg Vanille en poudre \u2013 Essential La vanille en poudre \u2013 Essential est obtenue \u00e0 partir de broyage contr\u00f4l\u00e9 de gousses s\u00e9ch\u00e9es. Elle est un ingr\u00e9dient d\u2019incorporation directe apportant naturalit\u00e9 visible, texture, authenticit\u00e9, complexit\u00e9 aromatique globale. Sa granulom\u00e9trie est adapt\u00e9e aux m\u00e9langes secs toppings, pr\u00e9parations p\u00e2tissi\u00e8res pour des applications par infusion dans le lait, la cr\u00e8me ou les bases alcooliques. Cette poudre apporte une signature compl\u00e8te de la gousse, des facettes bois\u00e9es, des notes gourmandes, une rondeur naturelle. Vanilline &lt; 1,2 (*) Humidit\u00e9 &lt; 12% Poudre brun rouge\u00e2tre &lt;500 \u00b5m Pratique \u00e0 utiliser par saupoudrage direct sur les plats ou p\u00e2tisseries, ou en infusion dans un solvant (lait, cr\u00e8me ou alcool). Ar\u00f4me doux et bois\u00e9, notes florales et chocolat\u00e9es Usages principaux : Agroalimentaire (p\u00e2tisserie artisanale et industrielle),chocolaterie, desserts, glaces, produits laitiers, m\u00e9langes secs), Restauration &amp; Food service (saupoudrage direct, finitions visuelles, infusion rapide) Conditionnement : poches alimentaires de 1 kg dans des cartons LB de 25 kg<\/p>\n","protected":false},"author":1,"featured_media":0,"parent":0,"menu_order":0,"comment_status":"closed","ping_status":"closed","template":"","meta":{"footnotes":""},"class_list":["post-776","page","type-page","status-publish","hentry"],"_links":{"self":[{"href":"https:\/\/promo.ppm.mg\/index.php\/wp-json\/wp\/v2\/pages\/776","targetHints":{"allow":["GET"]}}],"collection":[{"href":"https:\/\/promo.ppm.mg\/index.php\/wp-json\/wp\/v2\/pages"}],"about":[{"href":"https:\/\/promo.ppm.mg\/index.php\/wp-json\/wp\/v2\/types\/page"}],"author":[{"embeddable":true,"href":"https:\/\/promo.ppm.mg\/index.php\/wp-json\/wp\/v2\/users\/1"}],"replies":[{"embeddable":true,"href":"https:\/\/promo.ppm.mg\/index.php\/wp-json\/wp\/v2\/comments?post=776"}],"version-history":[{"count":37,"href":"https:\/\/promo.ppm.mg\/index.php\/wp-json\/wp\/v2\/pages\/776\/revisions"}],"predecessor-version":[{"id":1779,"href":"https:\/\/promo.ppm.mg\/index.php\/wp-json\/wp\/v2\/pages\/776\/revisions\/1779"}],"wp:attachment":[{"href":"https:\/\/promo.ppm.mg\/index.php\/wp-json\/wp\/v2\/media?parent=776"}],"curies":[{"name":"wp","href":"https:\/\/api.w.org\/{rel}","templated":true}]}}