{"id":32,"date":"2026-03-20T13:20:29","date_gmt":"2026-03-20T13:20:29","guid":{"rendered":"https:\/\/promo.ppm.mg\/?page_id=32"},"modified":"2026-03-31T20:39:29","modified_gmt":"2026-03-31T20:39:29","slug":"nos-produits","status":"publish","type":"page","link":"https:\/\/promo.ppm.mg\/index.php\/nos-produits\/","title":{"rendered":"Nos produits"},"content":{"rendered":"\t\t<div data-elementor-type=\"wp-page\" data-elementor-id=\"32\" class=\"elementor elementor-32\">\n\t\t\t\t<div class=\"elementor-element elementor-element-37a002b e-con-full e-flex wpr-particle-no wpr-jarallax-no wpr-parallax-no wpr-sticky-section-no e-con e-parent\" data-id=\"37a002b\" data-element_type=\"container\" data-e-type=\"container\" data-settings=\"{&quot;background_background&quot;:&quot;classic&quot;}\">\n\t\t\t\t<div class=\"elementor-element elementor-element-5a54f25 elementor-widget__width-initial elementor-widget elementor-widget-heading\" data-id=\"5a54f25\" data-element_type=\"widget\" data-e-type=\"widget\" data-widget_type=\"heading.default\">\n\t\t\t\t\t<h2 class=\"elementor-heading-title elementor-size-default\">NOS PRODUITS<\/h2>\t\t\t\t<\/div>\n\t\t\t\t<div class=\"elementor-element elementor-element-3cfce4e elementor-widget-divider--separator-type-pattern elementor-widget-divider--view-line elementor-widget elementor-widget-divider\" data-id=\"3cfce4e\" data-element_type=\"widget\" data-e-type=\"widget\" data-widget_type=\"divider.default\">\n\t\t\t\t\t\t\t<div class=\"elementor-divider\" style=\"--divider-pattern-url: url(&quot;data:image\/svg+xml,%3Csvg xmlns=&#039;http:\/\/www.w3.org\/2000\/svg&#039; preserveAspectRatio=&#039;none&#039; overflow=&#039;visible&#039; height=&#039;100%&#039; viewBox=&#039;0 0 20 16&#039; fill=&#039;none&#039; stroke=&#039;black&#039; stroke-width=&#039;1&#039; stroke-linecap=&#039;square&#039; stroke-miterlimit=&#039;10&#039;%3E%3Cg transform=&#039;translate(-12.000000, 0)&#039;%3E%3Cpath d=&#039;M28,0L10,18&#039;\/%3E%3Cpath d=&#039;M18,0L0,18&#039;\/%3E%3Cpath d=&#039;M48,0L30,18&#039;\/%3E%3Cpath d=&#039;M38,0L20,18&#039;\/%3E%3C\/g%3E%3C\/svg%3E&quot;);\">\n\t\t\t<span class=\"elementor-divider-separator\">\n\t\t\t\t\t\t<\/span>\n\t\t<\/div>\n\t\t\t\t\t\t<\/div>\n\t\t\t\t<div class=\"elementor-element elementor-element-80b3e6c elementor-widget__width-initial elementor-widget elementor-widget-text-editor\" data-id=\"80b3e6c\" data-element_type=\"widget\" data-e-type=\"widget\" data-widget_type=\"text-editor.default\">\n\t\t\t\t\t\t\t\t\t<p><span style=\"font-weight: 400;\">Nous accompagnons les industries agroalimentaires, cosm\u00e9tiques, parfumerie, et bien-\u00eatre en proposant des solutions issues de mati\u00e8res premi\u00e8res botaniques s\u00e9lectionn\u00e9es, transform\u00e9es et valoris\u00e9es avec une approche rigoureuse et ma\u00eetris\u00e9e.<\/span><\/p><p><span style=\"font-weight: 400;\">Notre force : associer la richesse de la biodiversit\u00e9 botanique de Madagascar \u00e0 une capacit\u00e9 de transformation r\u00e9pondant aux standards de qualit\u00e9, de r\u00e9gularit\u00e9 et de tra\u00e7abilit\u00e9 attendus par les march\u00e9s professionnels.<\/span><\/p>\t\t\t\t\t\t\t\t<\/div>\n\t\t\t\t<\/div>\n\t\t<div class=\"elementor-element elementor-element-b213381 e-flex e-con-boxed wpr-particle-no wpr-jarallax-no wpr-parallax-no wpr-sticky-section-no e-con e-parent\" data-id=\"b213381\" data-element_type=\"container\" data-e-type=\"container\">\n\t\t\t\t\t<div class=\"e-con-inner\">\n\t\t\t\t<div class=\"elementor-element elementor-element-af2145b elementor-widget elementor-widget-heading\" data-id=\"af2145b\" data-element_type=\"widget\" data-e-type=\"widget\" data-widget_type=\"heading.default\">\n\t\t\t\t\t<h3 class=\"elementor-heading-title elementor-size-default\">Une offre adapt\u00e9e \u00e0 vos besoins industriels<\/h3>\t\t\t\t<\/div>\n\t\t\t\t<div class=\"elementor-element elementor-element-7c8d3d3 elementor-widget-divider--separator-type-pattern elementor-widget-divider--view-line elementor-widget elementor-widget-divider\" data-id=\"7c8d3d3\" data-element_type=\"widget\" data-e-type=\"widget\" data-widget_type=\"divider.default\">\n\t\t\t\t\t\t\t<div class=\"elementor-divider\" style=\"--divider-pattern-url: url(&quot;data:image\/svg+xml,%3Csvg xmlns=&#039;http:\/\/www.w3.org\/2000\/svg&#039; preserveAspectRatio=&#039;none&#039; overflow=&#039;visible&#039; height=&#039;100%&#039; viewBox=&#039;0 0 20 16&#039; fill=&#039;none&#039; stroke=&#039;black&#039; stroke-width=&#039;1&#039; stroke-linecap=&#039;square&#039; stroke-miterlimit=&#039;10&#039;%3E%3Cg transform=&#039;translate(-12.000000, 0)&#039;%3E%3Cpath d=&#039;M28,0L10,18&#039;\/%3E%3Cpath d=&#039;M18,0L0,18&#039;\/%3E%3Cpath d=&#039;M48,0L30,18&#039;\/%3E%3Cpath d=&#039;M38,0L20,18&#039;\/%3E%3C\/g%3E%3C\/svg%3E&quot;);\">\n\t\t\t<span class=\"elementor-divider-separator\">\n\t\t\t\t\t\t<\/span>\n\t\t<\/div>\n\t\t\t\t\t\t<\/div>\n\t\t\t\t<div class=\"elementor-element elementor-element-343b920 elementor-widget elementor-widget-heading\" data-id=\"343b920\" data-element_type=\"widget\" data-e-type=\"widget\" data-widget_type=\"heading.default\">\n\t\t\t\t\t<h4 class=\"elementor-heading-title elementor-size-default\">Mati\u00e8res premi\u00e8res disponibles<\/h4>\t\t\t\t<\/div>\n\t\t\t\t<div class=\"elementor-element elementor-element-e49224d elementor-widget elementor-widget-text-editor\" data-id=\"e49224d\" data-element_type=\"widget\" data-e-type=\"widget\" data-widget_type=\"text-editor.default\">\n\t\t\t\t\t\t\t\t\t<p><span style=\"font-weight: 400;\">Nos mati\u00e8res premi\u00e8res sont s\u00e9lectionn\u00e9es pour leur qualit\u00e9, leur origine et leur potentiel d\u2019application dans les formulations industrielles.<\/span><\/p><p><span style=\"color: var( --e-global-color-text ); font-family: var( --e-global-typography-text-font-family ), Sans-serif;\">Produits actuellement disponibles :<\/span><\/p>\t\t\t\t\t\t\t\t<\/div>\n\t\t<div class=\"elementor-element elementor-element-84516ed e-con-full e-flex wpr-particle-no wpr-jarallax-no wpr-parallax-no wpr-sticky-section-no e-con e-child\" data-id=\"84516ed\" data-element_type=\"container\" data-e-type=\"container\">\n\t\t<div class=\"elementor-element elementor-element-adff295 e-con-full e-flex wpr-particle-no wpr-jarallax-no wpr-parallax-no wpr-sticky-section-no e-con e-child\" data-id=\"adff295\" data-element_type=\"container\" data-e-type=\"container\">\n\t\t<div class=\"elementor-element elementor-element-e3647ce e-con-full e-flex wpr-particle-no wpr-jarallax-no wpr-parallax-no wpr-sticky-section-no e-con e-child\" data-id=\"e3647ce\" data-element_type=\"container\" data-e-type=\"container\" data-settings=\"{&quot;background_background&quot;:&quot;classic&quot;}\">\n\t\t<div class=\"elementor-element elementor-element-30797c1 e-con-full e-flex wpr-particle-no wpr-jarallax-no wpr-parallax-no wpr-sticky-section-no e-con e-child\" data-id=\"30797c1\" data-element_type=\"container\" data-e-type=\"container\" data-settings=\"{&quot;background_background&quot;:&quot;classic&quot;}\">\n\t\t\t\t<div class=\"elementor-element elementor-element-2974e16 elementor-widget elementor-widget-image\" data-id=\"2974e16\" data-element_type=\"widget\" data-e-type=\"widget\" data-widget_type=\"image.default\">\n\t\t\t\t\t\t\t\t\t\t\t\t\t\t\t\t<a href=\"http:\/\/localhost\/floribis-corporate\/index.php\/nos-produits\/vanille\/\">\n\t\t\t\t\t\t\t<img fetchpriority=\"high\" decoding=\"async\" width=\"848\" height=\"1264\" src=\"https:\/\/promo.ppm.mg\/wp-content\/uploads\/2026\/03\/Gemini_Generated_Image_9uxu0s9uxu0s9uxu.png\" class=\"attachment-full size-full wp-image-1380\" alt=\"\" srcset=\"https:\/\/promo.ppm.mg\/wp-content\/uploads\/2026\/03\/Gemini_Generated_Image_9uxu0s9uxu0s9uxu.png 848w, https:\/\/promo.ppm.mg\/wp-content\/uploads\/2026\/03\/Gemini_Generated_Image_9uxu0s9uxu0s9uxu-201x300.png 201w, https:\/\/promo.ppm.mg\/wp-content\/uploads\/2026\/03\/Gemini_Generated_Image_9uxu0s9uxu0s9uxu-687x1024.png 687w, https:\/\/promo.ppm.mg\/wp-content\/uploads\/2026\/03\/Gemini_Generated_Image_9uxu0s9uxu0s9uxu-768x1145.png 768w\" sizes=\"(max-width: 848px) 100vw, 848px\" \/>\t\t\t\t\t\t\t\t<\/a>\n\t\t\t\t\t\t\t\t\t\t\t\t\t\t\t<\/div>\n\t\t\t\t<\/div>\n\t\t<div class=\"elementor-element elementor-element-a03a421 e-con-full e-flex wpr-particle-no wpr-jarallax-no wpr-parallax-no wpr-sticky-section-no e-con e-child\" data-id=\"a03a421\" data-element_type=\"container\" data-e-type=\"container\" data-settings=\"{&quot;background_background&quot;:&quot;classic&quot;}\">\n\t\t\t\t<div class=\"elementor-element elementor-element-de60688 elementor-widget elementor-widget-image\" data-id=\"de60688\" data-element_type=\"widget\" data-e-type=\"widget\" data-widget_type=\"image.default\">\n\t\t\t\t\t\t\t\t\t\t\t\t\t\t\t\t<a href=\"http:\/\/localhost\/floribis-corporate\/index.php\/nos-produits\/vetiver\/\">\n\t\t\t\t\t\t\t<img decoding=\"async\" width=\"848\" height=\"1264\" src=\"https:\/\/promo.ppm.mg\/wp-content\/uploads\/2026\/03\/Gemini_Generated_Image_mxg70tmxg70tmxg7.png\" class=\"attachment-full size-full wp-image-1378\" alt=\"\" srcset=\"https:\/\/promo.ppm.mg\/wp-content\/uploads\/2026\/03\/Gemini_Generated_Image_mxg70tmxg70tmxg7.png 848w, https:\/\/promo.ppm.mg\/wp-content\/uploads\/2026\/03\/Gemini_Generated_Image_mxg70tmxg70tmxg7-201x300.png 201w, https:\/\/promo.ppm.mg\/wp-content\/uploads\/2026\/03\/Gemini_Generated_Image_mxg70tmxg70tmxg7-687x1024.png 687w, https:\/\/promo.ppm.mg\/wp-content\/uploads\/2026\/03\/Gemini_Generated_Image_mxg70tmxg70tmxg7-768x1145.png 768w\" sizes=\"(max-width: 848px) 100vw, 848px\" \/>\t\t\t\t\t\t\t\t<\/a>\n\t\t\t\t\t\t\t\t\t\t\t\t\t\t\t<\/div>\n\t\t\t\t<\/div>\n\t\t<div class=\"elementor-element elementor-element-d6e2772 e-con-full e-flex wpr-particle-no wpr-jarallax-no wpr-parallax-no wpr-sticky-section-no e-con e-child\" data-id=\"d6e2772\" data-element_type=\"container\" data-e-type=\"container\" data-settings=\"{&quot;background_background&quot;:&quot;classic&quot;}\">\n\t\t\t\t<div class=\"elementor-element elementor-element-ac824a6 elementor-widget elementor-widget-image\" data-id=\"ac824a6\" data-element_type=\"widget\" data-e-type=\"widget\" data-widget_type=\"image.default\">\n\t\t\t\t\t\t\t\t\t\t\t\t\t\t\t\t<a href=\"http:\/\/localhost\/floribis-corporate\/index.php\/nos-produits\/ylang-ylang\/\">\n\t\t\t\t\t\t\t<img decoding=\"async\" width=\"768\" height=\"1376\" src=\"https:\/\/promo.ppm.mg\/wp-content\/uploads\/2026\/03\/Gemini_Generated_Image_f9q3nkf9q3nkf9q3.png\" class=\"attachment-full size-full wp-image-1535\" alt=\"\" srcset=\"https:\/\/promo.ppm.mg\/wp-content\/uploads\/2026\/03\/Gemini_Generated_Image_f9q3nkf9q3nkf9q3.png 768w, https:\/\/promo.ppm.mg\/wp-content\/uploads\/2026\/03\/Gemini_Generated_Image_f9q3nkf9q3nkf9q3-167x300.png 167w, https:\/\/promo.ppm.mg\/wp-content\/uploads\/2026\/03\/Gemini_Generated_Image_f9q3nkf9q3nkf9q3-572x1024.png 572w\" sizes=\"(max-width: 768px) 100vw, 768px\" \/>\t\t\t\t\t\t\t\t<\/a>\n\t\t\t\t\t\t\t\t\t\t\t\t\t\t\t<\/div>\n\t\t\t\t<\/div>\n\t\t<div class=\"elementor-element elementor-element-4bfca62 e-con-full e-flex wpr-particle-no wpr-jarallax-no wpr-parallax-no wpr-sticky-section-no e-con e-child\" data-id=\"4bfca62\" data-element_type=\"container\" data-e-type=\"container\" data-settings=\"{&quot;background_background&quot;:&quot;classic&quot;}\">\n\t\t\t\t<div class=\"elementor-element elementor-element-c20b964 elementor-widget elementor-widget-image\" data-id=\"c20b964\" data-element_type=\"widget\" data-e-type=\"widget\" data-widget_type=\"image.default\">\n\t\t\t\t\t\t\t\t\t\t\t\t\t\t\t\t<a href=\"http:\/\/localhost\/floribis-corporate\/index.php\/nos-produits\/baie-rose\/\">\n\t\t\t\t\t\t\t<img loading=\"lazy\" decoding=\"async\" width=\"848\" height=\"1264\" src=\"https:\/\/promo.ppm.mg\/wp-content\/uploads\/2026\/03\/Gemini_Generated_Image_a2vloka2vloka2vl.png\" class=\"attachment-full size-full wp-image-1381\" alt=\"\" srcset=\"https:\/\/promo.ppm.mg\/wp-content\/uploads\/2026\/03\/Gemini_Generated_Image_a2vloka2vloka2vl.png 848w, https:\/\/promo.ppm.mg\/wp-content\/uploads\/2026\/03\/Gemini_Generated_Image_a2vloka2vloka2vl-201x300.png 201w, https:\/\/promo.ppm.mg\/wp-content\/uploads\/2026\/03\/Gemini_Generated_Image_a2vloka2vloka2vl-687x1024.png 687w, https:\/\/promo.ppm.mg\/wp-content\/uploads\/2026\/03\/Gemini_Generated_Image_a2vloka2vloka2vl-768x1145.png 768w\" sizes=\"(max-width: 848px) 100vw, 848px\" \/>\t\t\t\t\t\t\t\t<\/a>\n\t\t\t\t\t\t\t\t\t\t\t\t\t\t\t<\/div>\n\t\t\t\t<\/div>\n\t\t\t\t<\/div>\n\t\t\t\t<\/div>\n\t\t\t\t<\/div>\n\t\t\t\t<div class=\"elementor-element elementor-element-b4d9f53 elementor-widget elementor-widget-text-editor\" data-id=\"b4d9f53\" data-element_type=\"widget\" data-e-type=\"widget\" data-widget_type=\"text-editor.default\">\n\t\t\t\t\t\t\t\t\t<p><span style=\"font-weight: 400;\">\u00a0Floribis propose \u00e9galement une gamme de concretes et d\u2019absolus de d\u00e9veloppe et valorise des plantes \u00e0 parfum telles que le Jasmin grandiflorum, la Gnidia daphnifolia et d\u2019autres esp\u00e8ces aromatiques, dans une logique de mise en valeur des plantes \u00e0 parfums end\u00e9miques ou locales pour servir l\u2019industrie de la parfumerie fine. recherche agronomique et de structuration progressive des fili\u00e8res.<\/span><\/p><p><span style=\"font-weight: 400;\">Des mati\u00e8res botaniques disponibles sur demande, adapt\u00e9es aux projets industriels et aux cr\u00e9ations les plus exigeantes.<\/span><\/p>\t\t\t\t\t\t\t\t<\/div>\n\t\t\t\t\t<\/div>\n\t\t\t\t<\/div>\n\t\t<div class=\"elementor-element elementor-element-3153b5c e-flex e-con-boxed wpr-particle-no wpr-jarallax-no wpr-parallax-no wpr-sticky-section-no e-con e-parent\" data-id=\"3153b5c\" data-element_type=\"container\" data-e-type=\"container\">\n\t\t\t\t\t<div class=\"e-con-inner\">\n\t\t\t\t<div class=\"elementor-element elementor-element-426e652 elementor-widget elementor-widget-heading\" data-id=\"426e652\" data-element_type=\"widget\" data-e-type=\"widget\" data-widget_type=\"heading.default\">\n\t\t\t\t\t<h3 class=\"elementor-heading-title elementor-size-default\">Pourquoi choisir nos solutions industrielles ?<\/h3>\t\t\t\t<\/div>\n\t\t\t\t<div class=\"elementor-element elementor-element-05635c3 elementor-widget-divider--separator-type-pattern elementor-widget-divider--view-line elementor-widget elementor-widget-divider\" data-id=\"05635c3\" data-element_type=\"widget\" data-e-type=\"widget\" data-widget_type=\"divider.default\">\n\t\t\t\t\t\t\t<div class=\"elementor-divider\" style=\"--divider-pattern-url: url(&quot;data:image\/svg+xml,%3Csvg xmlns=&#039;http:\/\/www.w3.org\/2000\/svg&#039; preserveAspectRatio=&#039;none&#039; overflow=&#039;visible&#039; height=&#039;100%&#039; viewBox=&#039;0 0 20 16&#039; fill=&#039;none&#039; stroke=&#039;black&#039; stroke-width=&#039;1&#039; stroke-linecap=&#039;square&#039; stroke-miterlimit=&#039;10&#039;%3E%3Cg transform=&#039;translate(-12.000000, 0)&#039;%3E%3Cpath d=&#039;M28,0L10,18&#039;\/%3E%3Cpath d=&#039;M18,0L0,18&#039;\/%3E%3Cpath d=&#039;M48,0L30,18&#039;\/%3E%3Cpath d=&#039;M38,0L20,18&#039;\/%3E%3C\/g%3E%3C\/svg%3E&quot;);\">\n\t\t\t<span class=\"elementor-divider-separator\">\n\t\t\t\t\t\t<\/span>\n\t\t<\/div>\n\t\t\t\t\t\t<\/div>\n\t\t<div class=\"elementor-element elementor-element-13b2103 e-con-full e-flex wpr-particle-no wpr-jarallax-no wpr-parallax-no wpr-sticky-section-no e-con e-child\" data-id=\"13b2103\" data-element_type=\"container\" data-e-type=\"container\">\n\t\t<div class=\"elementor-element elementor-element-500e092 e-con-full e-flex wpr-particle-no wpr-jarallax-no wpr-parallax-no wpr-sticky-section-no e-con e-child\" data-id=\"500e092\" data-element_type=\"container\" data-e-type=\"container\">\n\t\t\t\t<div class=\"elementor-element elementor-element-7e57314 elementor-widget elementor-widget-heading\" data-id=\"7e57314\" data-element_type=\"widget\" data-e-type=\"widget\" data-widget_type=\"heading.default\">\n\t\t\t\t\t<h4 class=\"elementor-heading-title elementor-size-default\">Tra\u00e7abilit\u00e9 &amp; origine<\/h4>\t\t\t\t<\/div>\n\t\t\t\t<div class=\"elementor-element elementor-element-e91c52f elementor-widget elementor-widget-text-editor\" data-id=\"e91c52f\" data-element_type=\"widget\" data-e-type=\"widget\" data-widget_type=\"text-editor.default\">\n\t\t\t\t\t\t\t\t\t<p><span style=\"font-weight: 400;\">Nous valorisons des mati\u00e8res botaniques issues de Madagascar, avec une attention particuli\u00e8re port\u00e9e \u00e0 leur origine et leur identification.<\/span><\/p>\t\t\t\t\t\t\t\t<\/div>\n\t\t\t\t<\/div>\n\t\t<div class=\"elementor-element elementor-element-f40ea4d e-con-full e-flex wpr-particle-no wpr-jarallax-no wpr-parallax-no wpr-sticky-section-no e-con e-child\" data-id=\"f40ea4d\" data-element_type=\"container\" data-e-type=\"container\">\n\t\t\t\t<div class=\"elementor-element elementor-element-e4fc9d2 elementor-widget elementor-widget-heading\" data-id=\"e4fc9d2\" data-element_type=\"widget\" data-e-type=\"widget\" data-widget_type=\"heading.default\">\n\t\t\t\t\t<h4 class=\"elementor-heading-title elementor-size-default\">Ma\u00eetrise industrielle &amp; r\u00e9gularit\u00e9<\/h4>\t\t\t\t<\/div>\n\t\t\t\t<div class=\"elementor-element elementor-element-9ac20cd elementor-widget elementor-widget-text-editor\" data-id=\"9ac20cd\" data-element_type=\"widget\" data-e-type=\"widget\" data-widget_type=\"text-editor.default\">\n\t\t\t\t\t\t\t\t\t<p><b>Notre approche vise une production et une valorisation respectant les contraintes de :<\/b><\/p><ul><li aria-level=\"1\"><span style=\"font-weight: 400;\">r\u00e9gularit\u00e9<\/span><\/li><li aria-level=\"1\"><span style=\"font-weight: 400;\">volumes<\/span><\/li><li aria-level=\"1\"><span style=\"font-weight: 400;\">constance des lots<\/span><\/li><li aria-level=\"1\"><span style=\"font-weight: 400;\">exigences de nos partenaires industriels<\/span><\/li><\/ul>\t\t\t\t\t\t\t\t<\/div>\n\t\t\t\t<\/div>\n\t\t<div class=\"elementor-element elementor-element-e18f4ff e-con-full e-flex wpr-particle-no wpr-jarallax-no wpr-parallax-no wpr-sticky-section-no e-con e-child\" data-id=\"e18f4ff\" data-element_type=\"container\" data-e-type=\"container\">\n\t\t\t\t<div class=\"elementor-element elementor-element-3ce851d elementor-widget elementor-widget-heading\" data-id=\"3ce851d\" data-element_type=\"widget\" data-e-type=\"widget\" data-widget_type=\"heading.default\">\n\t\t\t\t\t<h4 class=\"elementor-heading-title elementor-size-default\">Exigence qualit\u00e9<\/h4>\t\t\t\t<\/div>\n\t\t\t\t<div class=\"elementor-element elementor-element-2626a00 elementor-widget elementor-widget-text-editor\" data-id=\"2626a00\" data-element_type=\"widget\" data-e-type=\"widget\" data-widget_type=\"text-editor.default\">\n\t\t\t\t\t\t\t\t\t<p><span style=\"font-weight: 400;\">Chaque mati\u00e8re r\u00e9pond \u00e0 une logique de s\u00e9lection et de contr\u00f4le, afin d\u2019offrir des solutions adapt\u00e9es aux standards professionnels.<\/span><\/p>\t\t\t\t\t\t\t\t<\/div>\n\t\t\t\t<\/div>\n\t\t<div class=\"elementor-element elementor-element-11e92ff e-con-full e-flex wpr-particle-no wpr-jarallax-no wpr-parallax-no wpr-sticky-section-no e-con e-child\" data-id=\"11e92ff\" data-element_type=\"container\" data-e-type=\"container\">\n\t\t\t\t<div class=\"elementor-element elementor-element-cf7ff54 elementor-widget elementor-widget-heading\" data-id=\"cf7ff54\" data-element_type=\"widget\" data-e-type=\"widget\" data-widget_type=\"heading.default\">\n\t\t\t\t\t<h4 class=\"elementor-heading-title elementor-size-default\">Un partenaire B2B \u00e0 l\u2019\u00e9coute<\/h4>\t\t\t\t<\/div>\n\t\t\t\t<div class=\"elementor-element elementor-element-5561a6c elementor-widget elementor-widget-text-editor\" data-id=\"5561a6c\" data-element_type=\"widget\" data-e-type=\"widget\" data-widget_type=\"text-editor.default\">\n\t\t\t\t\t\t\t\t\t<p><span style=\"font-weight: 400;\">Nous travaillons en collaboration avec nos clients pour proposer :<\/span><\/p><ul><li aria-level=\"1\"><span style=\"font-weight: 400;\">des solutions adapt\u00e9es aux besoins<\/span><\/li><li aria-level=\"1\"><span style=\"font-weight: 400;\">des mati\u00e8res disponibles sur commande<\/span><span style=\"font-weight: 400;\"><br \/><\/span><\/li><li aria-level=\"1\"><span style=\"font-weight: 400;\">un accompagnement orient\u00e9 application et usage industriel<\/span><\/li><\/ul><p>\u00a0<\/p>\t\t\t\t\t\t\t\t<\/div>\n\t\t\t\t<\/div>\n\t\t\t\t<\/div>\n\t\t\t\t\t<\/div>\n\t\t\t\t<\/div>\n\t\t\t\t<\/div>\n\t\t","protected":false},"excerpt":{"rendered":"<p>NOS PRODUITS Nous accompagnons les industries agroalimentaires, cosm\u00e9tiques, parfumerie, et bien-\u00eatre en proposant des solutions issues de mati\u00e8res premi\u00e8res botaniques s\u00e9lectionn\u00e9es, transform\u00e9es et valoris\u00e9es avec une approche rigoureuse et ma\u00eetris\u00e9e. Notre force : associer la richesse de la biodiversit\u00e9 botanique de Madagascar \u00e0 une capacit\u00e9 de transformation r\u00e9pondant aux standards de qualit\u00e9, de r\u00e9gularit\u00e9 et de tra\u00e7abilit\u00e9 attendus par les march\u00e9s professionnels. Une offre adapt\u00e9e \u00e0 vos besoins industriels Mati\u00e8res premi\u00e8res disponibles Nos mati\u00e8res premi\u00e8res sont s\u00e9lectionn\u00e9es pour leur qualit\u00e9, leur origine et leur potentiel d\u2019application dans les formulations industrielles. Produits actuellement disponibles : \u00a0Floribis propose \u00e9galement une gamme de concretes et d\u2019absolus de d\u00e9veloppe et valorise des plantes \u00e0 parfum telles que le Jasmin grandiflorum, la Gnidia daphnifolia et d\u2019autres esp\u00e8ces aromatiques, dans une logique de mise en valeur des plantes \u00e0 parfums end\u00e9miques ou locales pour servir l\u2019industrie de la parfumerie fine. recherche agronomique et de structuration progressive des fili\u00e8res. Des mati\u00e8res botaniques disponibles sur demande, adapt\u00e9es aux projets industriels et aux cr\u00e9ations les plus exigeantes. Pourquoi choisir nos solutions industrielles ? Tra\u00e7abilit\u00e9 &amp; origine Nous valorisons des mati\u00e8res botaniques issues de Madagascar, avec une attention particuli\u00e8re port\u00e9e \u00e0 leur origine et leur identification. Ma\u00eetrise industrielle &amp; r\u00e9gularit\u00e9 Notre approche vise une production et une valorisation respectant les contraintes de : r\u00e9gularit\u00e9 volumes constance des lots exigences de nos partenaires industriels Exigence qualit\u00e9 Chaque mati\u00e8re r\u00e9pond \u00e0 une logique de s\u00e9lection et de contr\u00f4le, afin d\u2019offrir des solutions adapt\u00e9es aux standards professionnels. Un partenaire B2B \u00e0 l\u2019\u00e9coute Nous travaillons en collaboration avec nos clients pour proposer : des solutions adapt\u00e9es aux besoins des mati\u00e8res disponibles sur commande un accompagnement orient\u00e9 application et usage industriel \u00a0<\/p>\n","protected":false},"author":1,"featured_media":0,"parent":0,"menu_order":0,"comment_status":"closed","ping_status":"closed","template":"","meta":{"footnotes":""},"class_list":["post-32","page","type-page","status-publish","hentry"],"_links":{"self":[{"href":"https:\/\/promo.ppm.mg\/index.php\/wp-json\/wp\/v2\/pages\/32","targetHints":{"allow":["GET"]}}],"collection":[{"href":"https:\/\/promo.ppm.mg\/index.php\/wp-json\/wp\/v2\/pages"}],"about":[{"href":"https:\/\/promo.ppm.mg\/index.php\/wp-json\/wp\/v2\/types\/page"}],"author":[{"embeddable":true,"href":"https:\/\/promo.ppm.mg\/index.php\/wp-json\/wp\/v2\/users\/1"}],"replies":[{"embeddable":true,"href":"https:\/\/promo.ppm.mg\/index.php\/wp-json\/wp\/v2\/comments?post=32"}],"version-history":[{"count":94,"href":"https:\/\/promo.ppm.mg\/index.php\/wp-json\/wp\/v2\/pages\/32\/revisions"}],"predecessor-version":[{"id":1887,"href":"https:\/\/promo.ppm.mg\/index.php\/wp-json\/wp\/v2\/pages\/32\/revisions\/1887"}],"wp:attachment":[{"href":"https:\/\/promo.ppm.mg\/index.php\/wp-json\/wp\/v2\/media?parent=32"}],"curies":[{"name":"wp","href":"https:\/\/api.w.org\/{rel}","templated":true}]}}